s 275767 composite?
False
Is 4232645 a prime number?
False
Is 193993 composite?
False
Is 187591 prime?
False
Is 1073 prime?
False
Is 20897 a prime number?
True
Is 6457 a prime number?
False
Is 5129 a composite number?
True
Is 5333 composite?
False
Is 27611 a composite number?
False
Is 523207 a composite number?
False
Is 150517 prime?
True
Is 150359 a prime number?
False
Is 172231 a composite number?
True
Is 338659 composite?
False
Is 892513 a prime number?
True
Is 7451 prime?
True
Is 68639 composite?
False
Is 1283 composite?
False
Is 609127 prime?
False
Is 154689 prime?
False
Is 5581 a prime number?
True
Is 19777 composite?
False
Is 37849 a composite number?
True
Is 15079 a composite number?
True
Is 17551 composite?
False
Is 3821 a composite number?
False
Is 146639 a prime number?
True
Is 8331 a prime number?
False
Is 3019 composite?
False
Is 757319 prime?
True
Is 558389 a prime number?
False
Is 19553 prime?
True
Is 6947 prime?
True
Is 11911 a prime number?
False
Is 128783 prime?
False
Is 371417 prime?
True
Is 4783 composite?
False
Is 953 a prime number?
True
Is 1915 prime?
False
Is 8765 prime?
False
Is 11113 composite?
False
Is 64443 a composite number?
True
Is 131561 composite?
False
Is 867541 prime?
True
Is 347471 prime?
False
Is 350003 prime?
True
Is 85161 a composite number?
True
Is 39781 composite?
True
Is 79673 composite?
True
Is 66739 a composite number?
False
Is 4791 composite?
True
Is 758617 composite?
False
Is 46373 prime?
False
Is 10997 a prime number?
False
Is 4265 a composite number?
True
Is 3937 prime?
False
Is 1405 a prime number?
False
Is 197507 prime?
True
Is 2203 a composite number?
False
Is 65353 prime?
True
Is 15901 a composite number?
False
Is 14369 a composite number?
False
Is 633367 composite?
True
Is 1000279 a composite number?
True
Is 396157 prime?
True
Is 147023 a prime number?
False
Is 673 composite?
False
Is 55661 composite?
False
Is 6007 a prime number?
True
Is 7079 composite?
False
Is 5077 a prime number?
True
Is 6773 composite?
True
Is 12451 a prime number?
True
Is 84163 composite?
False
Is 159223 composite?
False
Is 10223 prime?
True
Is 800281 composite?
False
Is 16487 a prime number?
True
Is 40361 composite?
False
Is 51055 composite?
True
Is 253263 composite?
True
Is 44839 a composite number?
False
Is 8129 a prime number?
False
Is 2110345 a composite number?
True
Is 71223 prime?
False
Is 13417 prime?
True
Is 952067 a composite number?
True
Is 187291 a prime number?
False
Is 4575809 prime?
False
Is 18631 prime?
False
Is 36323 a composite number?
True
Is 1010263 a composite number?
False
Is 87931 composite?
False
Is 81887 a prime number?
False
Is 35969 a prime number?
True
Is 724837 a prime number?
True
Is 51449 composite?
False
Is 326033 composite?
True
Is 314707 a composite number?
False
Is 6247 composite?
False
Is 2675603 prime?
False
Is 470777 a prime number?
False
Is 833783 composite?
False
Is 14757 prime?
False
Is 259 a prime number?
False
Is 522371 prime?
True
Is 541 a composite number?
False
Is 20993 prime?
False
Is 2153 prime?
True
Is 1828583 composite?
False
Is 130927 prime?
True
Is 7061 prime?
False
Is 10007 composite?
False
Is 616891 composite?
True
Is 145571 a prime number?
False
Is 55103 a prime number?
True
Is 17033 a prime number?
True
Is 6979 a composite number?
True
Is 6483 composite?
True
Is 8719 composite?
False
Is 52229 composite?
True
Is 477065 prime?
False
Is 529574 a composite number?
True
Is 132217 a prime number?
False
Is 689 prime?
False
Is 52463 a composite number?
True
Is 128189 prime?
True
Is 108809 prime?
False
Is 122767 composite?
True
Is 28011 composite?
True
Is 472433 composite?
True
Is 29917 prime?
True
Is 701003 prime?
False
Is 276671 prime?
True
Is 28961 a composite number?
False
Is 272123 prime?
False
Is 25523 a composite number?
False
Is 26735 a composite number?
True
Is 287 composite?
True
Is 17737 a prime number?
True
Is 1594781 a prime number?
False
Is 4535 composite?
True
Is 116543 composite?
True
Is 18659 composite?
True
Is 506603 a prime number?
False
Is 491773 a prime number?
True
Is 8137 composite?
True
Is 8609 prime?
True
Is 4661 a prime number?
False
Is 16781 a composite number?
True
Is 164701 a composite number?
False
Is 46789 composite?
True
Is 2429 prime?
False
Is 13907 a prime number?
True
Is 7993 composite?
False
Is 6971129 a composite number?
True
Is 25013 a prime number?
True
Is 503483 a composite number?
False
Is 3778 composite?
True
Is 22051 a prime number?
True
Is 720763 composite?
False
Is 128813 a composite number?
False
Is 33287 a composite number?
False
Is 73561 composite?
False
Is 36467 a composite number?
False
Is 803417 a prime number?
True
Is 37757 prime?
False
Is 3850219 prime?
True
Is 1438 prime?
False
Is 12157 prime?
True
Is 888623 a prime number?
True
Is 17165 a prime number?
False
Is 2701191 a composite number?
True
Is 7853 a composite number?
False
Is 1846454 a prime number?
False
Is 88937 composite?
False
Is 242677 prime?
True
Is 1939477 composite?
True
Is 1017539 a composite number?
False
Is 22409 a prime number?
True
Is 119533 a composite number?
False
Is 6805 a composite number?
True
Is 133643 prime?
False
Is 48751 prime?
True
Is 19597 a prime number?
True
Is 538457 composite?
False
Is 52727 a composite number?
False
Is 95651 prime?
True
Is 148949 a composite number?
False
Is 162753 composite?
True
Is 85001 composite?
True
Is 139739 composite?
False
Is 298 composite?
True
Is 178327 a composite number?
False
Is 670777 composite?
False
Is 562 prime?
False
Is 343289 a prime number?
True
Is 12335 prime?
False
Is 524401 a composite number?
True
Is 11599 composite?
True
Is 421145 composite?
True
Is 620981 a composite number?
False
Is 25261 a prime number?
True
Is 14273 a prime number?
False
Is 13471 composite?
True
Is 4327 prime?
True
Is 9363 prime?
False
Is 6521 prime?
True
Is 33185 a composite number?
True
Is 12697 a composite number?
False
Is 492839 prime?
True
Is 6389 prime?
True
Is 4535 a prime number?
False
Is 967 composite?
False
Is 348814 prime?
False
Is 2641 composite?
True
Is 764381 a composite number?
False
Is 5663 a composite number?
True
Is 1637 a prime number?
True
Is 261223 composite?
False
Is 55343 a prime number?
True
Is 562187 a prime number?
False
Is 126097 a composite number?
False
Is 12059 a prime number?
False
Is 7899 composite?
True
Is 100883 a composite number?
True
Is 27479 composite?
False
Is 260911 a composite number?
True
Is 120439 composite?
True
Is 183191 a composite number?
False
Is 5419 composite?
False
Is 68993 composite?
False
Is 596126 composite?
True
Is 840065 composite?
True
Is 329 a composite number?
True
Is 685437 a composite number?
True
Is 262729 prime?
False
Is 180703 prime?
False
Is 70527 a prime number?
False
Is 1853 a composite number?
True
Is 38029 a composite number?
True
Is 3758451 a composite number?
True
Is 1715326 a prime number?
False
Is 43879 a composite number?
True
Is 62485 prime?
False
Is 691 composite?
False
Is 192715 a prime number?
False
Is 9181 a composite number?
False
Is 561271 a composite number?
True
Is 24347 a composite number?
True
Is 436273 prime?
True
Is 444991 a composite number?
True
Is 10007 a prime number?
True
Is 1411 a prime number?
False
Is 6241 prime?
False
Is 735133 prime?
False
Is 1983 a composite number?
True
Is 304453 prime?
False
Is 40879 prime?
True
Is 122329 a prime number?
False
Is 62749 composite?
True
Is 452185 a prime number?
False
Is 147701 prime?
False
Is 23269 a prime number?
True
Is 31591 prime?
False
Is 5269 prime?
False
Is 13793 composite?
True
Is 17873 prime?
False
Is 22353 a prime number?
False
Is 360671 prime?
False
Is 11197 prime?
True
Is 12394 a prime number?
False
Is 923515 composite?
True
Is 69371 a prime number?
True
Is 7247 prime?
True
Is 778469 a prime number?
True
Is 97283 a composite number?
False
Is 1485397 prime?
True
Is 5413 composite?
False
Is 349513 prime?
False
Is 28349 a composite number?
False
Is 4439 prime?
False
Is 213593 composite?
True
Is 571 a prime number?
True
Is 7711 a prime number?
False
Is 432349 composite?
False
Is 582377 a composite number?
True
Is 460347 a prime number?
False
Is 15935 composite?
True
Is 3069827 composite?
True
Is 468185 composite?
True
Is 601541 a composite number?
False
Is 3119 a composite number